{"id":208,"date":"2022-11-16T08:22:05","date_gmt":"2022-11-16T08:22:05","guid":{"rendered":"https:\/\/staging.vivonio.preview-kainz.de\/?page_id=208"},"modified":"2023-05-30T11:31:17","modified_gmt":"2023-05-30T11:31:17","slug":"impressum","status":"publish","type":"page","link":"https:\/\/staging.vivonio.preview-kainz.de\/index.php\/impressum\/","title":{"rendered":"IMPRESSUM"},"content":{"rendered":"\t\t<div data-elementor-type=\"wp-page\" data-elementor-id=\"208\" class=\"elementor elementor-208\">\n\t\t\t\t\t\t\t\t\t<section class=\"elementor-section elementor-top-section elementor-element elementor-element-b621795 elementor-section-boxed elementor-section-height-default elementor-section-height-default\" data-id=\"b621795\" data-element_type=\"section\" data-settings=\"{&quot;background_background&quot;:&quot;classic&quot;}\">\n\t\t\t\t\t\t<div class=\"elementor-container elementor-column-gap-default\">\n\t\t\t\t\t<div class=\"elementor-column elementor-col-100 elementor-top-column elementor-element elementor-element-5c79b66\" data-id=\"5c79b66\" data-element_type=\"column\">\n\t\t\t<div class=\"elementor-widget-wrap elementor-element-populated\">\n\t\t\t\t\t\t\t\t<div class=\"elementor-element elementor-element-271542c elementor-widget elementor-widget-heading\" data-id=\"271542c\" data-element_type=\"widget\" data-widget_type=\"heading.default\">\n\t\t\t\t<div class=\"elementor-widget-container\">\n\t\t\t<style>\/*! elementor - v3.8.0 - 30-10-2022 *\/\n.elementor-heading-title{padding:0;margin:0;line-height:1}.elementor-widget-heading .elementor-heading-title[class*=elementor-size-]>a{color:inherit;font-size:inherit;line-height:inherit}.elementor-widget-heading .elementor-heading-title.elementor-size-small{font-size:15px}.elementor-widget-heading .elementor-heading-title.elementor-size-medium{font-size:19px}.elementor-widget-heading .elementor-heading-title.elementor-size-large{font-size:29px}.elementor-widget-heading .elementor-heading-title.elementor-size-xl{font-size:39px}.elementor-widget-heading .elementor-heading-title.elementor-size-xxl{font-size:59px}<\/style><h1 class=\"elementor-heading-title elementor-size-default\">IMPRESSUM<\/h1>\t\t<\/div>\n\t\t\t\t<\/div>\n\t\t\t\t<div class=\"elementor-element elementor-element-101bcd1 elementor-widget elementor-widget-text-editor\" data-id=\"101bcd1\" data-element_type=\"widget\" data-widget_type=\"text-editor.default\">\n\t\t\t\t<div class=\"elementor-widget-container\">\n\t\t\t<style>\/*! elementor - v3.8.0 - 30-10-2022 *\/\n.elementor-widget-text-editor.elementor-drop-cap-view-stacked .elementor-drop-cap{background-color:#818a91;color:#fff}.elementor-widget-text-editor.elementor-drop-cap-view-framed .elementor-drop-cap{color:#818a91;border:3px solid;background-color:transparent}.elementor-widget-text-editor:not(.elementor-drop-cap-view-default) .elementor-drop-cap{margin-top:8px}.elementor-widget-text-editor:not(.elementor-drop-cap-view-default) .elementor-drop-cap-letter{width:1em;height:1em}.elementor-widget-text-editor .elementor-drop-cap{float:left;text-align:center;line-height:1;font-size:50px}.elementor-widget-text-editor .elementor-drop-cap-letter{display:inline-block}<\/style>\t\t\t\t<p>Vivonio Furniture GmbH<br \/>Leopoldstra\u00dfe 16<br \/>80802 M\u00fcnchen<br \/>Deutschland<br \/>Tel: +49 (0) 89\u20131211225-0<br \/>Fax: +49 (0) 89\u20131211225-29<br \/>E-Mail: <a href=\"mailto:info@vivonio.com\">info@vivonio.com<\/a><\/p><p><strong>Gesch\u00e4ftsf\u00fchrer<\/strong><br \/>Elmar Duffner, Niels Ackermann<\/p><p><strong>Registergericht<\/strong><br \/>Amtsgericht M\u00fcnchen<\/p><p><strong>Registernummer<\/strong><br \/>HRB 204940<\/p><p><strong>Umsatzsteuer-Identifikationsnummer<\/strong><br \/>gem\u00e4\u00df \u00a7 27a Umsatzsteuergesetz<br \/>DE815395561<\/p><p><strong>HAFTUNGSHINWEISE UND (URHEBER-)RECHTE<\/strong><br \/>Erg\u00e4nzende Informationen zu diesem Internetauftritt<\/p><p><strong>Haftung<\/strong><\/p><p>Die Inhalte dieser Webseiten der Vivonio Furniture GmbH, insbesondere die dort auffindbaren Informationen, Daten, Grafiken und Publikationen, wurden von uns mit gr\u00f6\u00dfter Sorgfalt und nach bestem Wissen erstellt. F\u00fcr die Richtigkeit, Vollst\u00e4ndigkeit und Aktualit\u00e4t der Inhalte k\u00f6nnen wir jedoch keine Gew\u00e4hr \u00fcbernehmen. Jeder Nutzer ist gehalten, die hier zur Verf\u00fcgung gestellten Informationen, Daten, Grafiken und Publikationen selbst auf ihre Richtigkeit, Vollst\u00e4ndigkeit und Aktualit\u00e4t hin zu \u00fcberpr\u00fcfen. Die M\u00f6glichkeit der Fehlinterpretation bzw. -nutzung durch Nutzer dieses Angebots k\u00f6nnen wir im \u00dcbrigen nicht ausschlie\u00dfen. Nach \u00a7 7 Abs.1 TMG sind wir f\u00fcr eigene Inhalte auf diesen Seiten nach den allgemeinen Gesetzen verantwortlich. Demgegen\u00fcber sind wir f\u00fcr \u00fcbermittelte oder gespeicherte fremde Informationen nur nach den \u00a7\u00a7 8 bis 10 TMG verantwortlich, insbesondere sind wir nicht verpflichtet, diese zu \u00fcberwachen oder nach Umst\u00e4nden zu forschen, die auf eine rechtswidrige T\u00e4tigkeit hinweisen. Verpflichtungen zur Entfernung oder Sperrung der Nutzung von Informationen nach den allgemeinen Gesetzen bleiben hiervon unber\u00fchrt. Eine diesbez\u00fcgliche Haftung von uns ist jedoch erst ab dem Zeitpunkt der Kenntniserlangung einer konkreten Rechtsverletzung m\u00f6glich. Dementsprechend wird die Vivonio Furniture GmbH bei Bekanntwerden von entsprechenden Rechtsverletzungen ihren gesetzlichen Pflichten nachkommen und die betroffenen Inhalte umgehend entfernen.<br \/>Unser Angebot auf diesen Webseiten enth\u00e4lt auch Links zu externen Webseiten Dritter, auf deren Inhalte die Vivonio Furniture GmbH keinen Einfluss hat. Vor diesem Hintergrund distanzieren wir uns hiermit von allen Inhalten dieser Seiten. Eine Gew\u00e4hr und Haftung hierf\u00fcr kann von uns grunds\u00e4tzlich nicht \u00fcbernommen werden. F\u00fcr die Inhalte der verlinkten externen Seiten sind stets deren jeweilige Anbieter oder Betreiber verantwortlich. Die verlinkten Seiten wurden von uns aber zum Zeitpunkt der Verlinkung auf m\u00f6gliche Rechtsverst\u00f6\u00dfe \u00fcberpr\u00fcft, rechtswidrige Inhalte waren dabei aber f\u00fcr uns nicht erkennbar. Zwar ist eine permanente inhaltliche Kontrolle der verlinkten Seiten ohne konkrete Anhaltspunkte einer dort vorhandenen Rechtsverletzung nicht zumutbar, die Vivonio Furniture GmbH wird bei Bekanntwerden solcher Rechtsverletzungen, etwa durch Hinweise von Nutzern dieser Webseite an uns (Kontakt siehe vorstehend), derartige Links gleichwohl umgehend entfernen.<\/p><p><strong>(Urheber-)Rechte<\/strong><\/p><p>Die auf dieser Webseite vorhandenen Inhalte und Werke (z.B. Logos, Firmenschriftz\u00fcge und Abbildungen) unterliegen dem deutschen Urheberrecht und gegebenenfalls weiteren deutschen Gesetzen zum Schutz des geistigen Eigentums (z.B. Markengesetz). Die Vervielf\u00e4ltigung, Bearbeitung, Verbreitung und jede Art der Verwertung bed\u00fcrfen grunds\u00e4tzlich der schriftlichen Zustimmung des jeweiligen Autors bzw. Erstellers der Inhalte und Werke, soweit sie nicht ausnahmsweise gesetzlich erlaubt sind. Downloads und Kopien dieser Webseiten sind nur f\u00fcr den privaten, nicht kommerziellen Gebrauch oder im Rahmen journalistisch-redaktionell gestalteter Medienangebote in Presse-, Rundfunk-, oder Online-Medien gestattet. Jegliche Ver\u00e4nderung der Inhalte, die \u00fcber die blo\u00dfe K\u00fcrzung oder redaktionelle Bearbeitung hinausgeht, ist untersagt. Gleiches gilt f\u00fcr jegliche Verwendung der Inhalte, die den Ruf oder die Marken der Vivonio Furniture GmbH beeintr\u00e4chtig<br \/>Soweit die Inhalte auf dieser Seite nicht von der Vivonio Furniture GmbH erstellt wurden, werden die Urheberrechte und sonstigen Schutzrechte Dritter beachtet. Insbesondere werden Inhalte Dritter als solche von uns gekennzeichnet. Sollten Sie trotzdem auf eine (Urheber-)Rechtsverletzung aufmerksam werden, bitten wir um einen entsprechenden Hinweis an uns (Kontakt siehe vorstehend). Bei Bekanntwerden von Rechtsverletzungen werden wir derartige Inhalte umgehend entfernen.<\/p>\t\t\t\t\t\t<\/div>\n\t\t\t\t<\/div>\n\t\t\t\t\t<\/div>\n\t\t<\/div>\n\t\t\t\t\t\t\t<\/div>\n\t\t<\/section>\n\t\t\t\t\t\t\t<\/div>\n\t\t","protected":false},"excerpt":{"rendered":"<p>IMPRESSUM Vivonio Furniture GmbHLeopoldstra\u00dfe 1680802 M\u00fcnchenDeutschlandTel: +49 (0) 89\u20131211225-0Fax: +49 (0) 89\u20131211225-29E-Mail: info@vivonio.com Gesch\u00e4ftsf\u00fchrerElmar Duffner, Niels Ackermann RegistergerichtAmtsgericht M\u00fcnchen RegisternummerHRB 204940 Umsatzsteuer-Identifikationsnummergem\u00e4\u00df \u00a7 27a UmsatzsteuergesetzDE815395561 HAFTUNGSHINWEISE UND (URHEBER-)RECHTEErg\u00e4nzende Informationen zu diesem Internetauftritt Haftung Die Inhalte dieser Webseiten der Vivonio Furniture GmbH, insbesondere die dort auffindbaren Informationen, Daten, Grafiken und Publikationen, wurden von uns mit gr\u00f6\u00dfter [&hellip;]<\/p>\n","protected":false},"author":1,"featured_media":0,"parent":0,"menu_order":0,"comment_status":"closed","ping_status":"closed","template":"","meta":[],"_links":{"self":[{"href":"https:\/\/staging.vivonio.preview-kainz.de\/index.php\/wp-json\/wp\/v2\/pages\/208"}],"collection":[{"href":"https:\/\/staging.vivonio.preview-kainz.de\/index.php\/wp-json\/wp\/v2\/pages"}],"about":[{"href":"https:\/\/staging.vivonio.preview-kainz.de\/index.php\/wp-json\/wp\/v2\/types\/page"}],"author":[{"embeddable":true,"href":"https:\/\/staging.vivonio.preview-kainz.de\/index.php\/wp-json\/wp\/v2\/users\/1"}],"replies":[{"embeddable":true,"href":"https:\/\/staging.vivonio.preview-kainz.de\/index.php\/wp-json\/wp\/v2\/comments?post=208"}],"version-history":[{"count":9,"href":"https:\/\/staging.vivonio.preview-kainz.de\/index.php\/wp-json\/wp\/v2\/pages\/208\/revisions"}],"predecessor-version":[{"id":602,"href":"https:\/\/staging.vivonio.preview-kainz.de\/index.php\/wp-json\/wp\/v2\/pages\/208\/revisions\/602"}],"wp:attachment":[{"href":"https:\/\/staging.vivonio.preview-kainz.de\/index.php\/wp-json\/wp\/v2\/media?parent=208"}],"curies":[{"name":"wp","href":"https:\/\/api.w.org\/{rel}","templated":true}]}}